{"id":56,"date":"2024-09-12T14:47:20","date_gmt":"2024-09-12T12:47:20","guid":{"rendered":"https:\/\/lesbuissonniersduplessis.casa\/?page_id=56"},"modified":"2025-11-07T19:08:26","modified_gmt":"2025-11-07T18:08:26","slug":"pour-etre-de-la-partie","status":"publish","type":"page","link":"https:\/\/lesbuissonniersduplessis.casa\/index.php\/pour-etre-de-la-partie\/","title":{"rendered":"Pour \u00eatre de la partie"},"content":{"rendered":"\n<h1 class=\"wp-block-heading\">Pour \u00eatre de la partie<\/h1>\n\n\n\n<p><br>Le r\u00eave devient r\u00e9alit\u00e9. L&rsquo;envie de rejoindre la jolie bande vous d\u00e9mange, quel lot sera ma future habitation, &#8230; ? Tout devient possible maintenant. Nous avons d\u00e9j\u00e0 r\u00e9alis\u00e9 le cadre, fait un certain nombre de choix : juridiques, administratifs,  mat\u00e9riels&#8230; Il ne manque plus que vous ! <\/p>\n\n\n\n<p>Comme tout projet, il nous faut aussi trouver les ressources financi\u00e8res. Pour cela, nous avons besoin de soutiens. <\/p>\n\n\n\n<p><strong>Les Buissonnier.e.s ont besoin d&rsquo;un coup de pouce, nous faisons appel \u00e0 la finance solidaire et citoyenne.<\/strong><\/p>\n\n\n\n<p>Les \u00ab Buissonnier.e.s du Plessis \u00bb offrent une bonne opportunit\u00e9 d&rsquo;investir de l&rsquo;argent de mani\u00e8re judicieuse et durable. Plus nous pourrons r\u00e9unir de fonds propres, plus la coop\u00e9rative sera en bonne position financi\u00e8re, moins nous aurons \u00e0 recourir aux banques. Nous expliquons plus loin quels types d&rsquo;investissements sont possibles et \u00e0 quelles conditions.<\/p>\n\n\n\n<p>Voici le mode d\u2019emploi pour y contribuer.<\/p>\n\n\n\n<p>Il est important de noter que la coop\u00e9rative s\u2019inscrit dans le mouvement de l\u2019E.S.S., c\u2019est-\u00e0-dire dans l\u2019\u00c9conomie Sociale et Solidaire. Nous n\u2019avons donc pas comme objectif l\u2019enrichissement, mais bien le d\u00e9veloppement du mieux vivre ensemble avec toutes les valeurs associ\u00e9es que vous connaissez d\u00e9j\u00e0. C&rsquo;est aussi un projet anti-sp\u00e9culatif.<\/p>\n\n\n\n<p><strong><strong>Investir rural et solidaire<\/strong><\/strong><\/p>\n\n\n\n<p>Pour permettre l\u2019investissement, nous avons d\u00e9fini, plusieurs types de part&nbsp;:<\/p>\n\n\n\n<p>&#8211; D&rsquo;abord, les parts sociales de <strong>cat\u00e9gorie A<\/strong>. Celles-ci sont \u00e0 destination exclusive des habitants de la coop\u00e9rative.<\/p>\n\n\n\n<p>&#8211; Ensuite, les parts sociales de <strong>cat\u00e9gorie B<\/strong>. Ces parts donnent le droit de votes aux Assembl\u00e9es G\u00e9n\u00e9rales, sans qu\u2019elles puissent d\u00e9passer les 35&nbsp;%, mais subissent, comme les parts A, les plus et moins-values en fonction du r\u00e9sultat des exercices comptable.<\/p>\n\n\n\n<p>&#8211; Et enfin, les parts sociales de <strong>cat\u00e9gorie C<\/strong>. Celles-ci, \u00e0 int\u00e9r\u00eat prioritaire, sont sans droit de vote. Ces parts sont servis \u00e0 un taux, au plus, \u00e9gal au taux de rendement moyen des obligations des Soci\u00e9t\u00e9s priv\u00e9es (TMO) publi\u00e9 par le ministre charg\u00e9 de l\u2019\u00c9conomie. Ce taux varie tous les six mois. <br>Pour ce qui nous concerne, ce taux est vot\u00e9 lors de l\u2019Assembl\u00e9e g\u00e9n\u00e9rale des \u00ab&nbsp;Buissonniers du Plessis&nbsp;\u00bb. Il peut \u00eatre revu \u00e0 la baisse, mais ne peut en aucun cas \u00eatre sup\u00e9rieur au TMO.<\/p>\n\n\n\n<p>Par ailleurs, tout nouvel investisseur est soumis \u00e0 l\u2019approbation des associ\u00e9s coop\u00e9rateurs lors de la prochaine Assembl\u00e9e G\u00e9n\u00e9rale.<\/p>\n\n\n\n<p><strong><strong>Comment proc\u00e9der&nbsp;?<\/strong><\/strong><\/p>\n\n\n\n<p>C\u2019est tr\u00e8s simple&nbsp;! Il vous suffit de nous envoyer un ch\u00e8que ou de faire un virement sur notre compte en nous signifiant la cat\u00e9gorie B ou C souhait\u00e9e. Nous vous renverrons par retour une attestation actant la r\u00e9ception des fonds stipulant la cat\u00e9gorie, le nombre et la num\u00e9rotation des parts correspondants.<\/p>\n\n\n\n<p>Le montant de la part est fix\u00e9 \u00e0 100 \u20ac. Ce montant permet \u00e0 toutes les bourses de participer. Vous prenez autant de part que vous le souhaitez, il n\u2019y a pas de restriction.<\/p>\n\n\n\n<p><strong><strong>Pour la revente<\/strong><\/strong><\/p>\n\n\n\n<p>Ce type de placement, que nous d\u00e9finirons comme semi liquide, est \u00e0 r\u00e9aliser exclusivement sur du long terme. La dur\u00e9e minimum statutaire est de cinq ans. Cette dur\u00e9e minimum est pr\u00e9vue pour ne pas risquer de mettre la coop\u00e9rative en difficult\u00e9.<\/p>\n\n\n\n<p>En cas de revente des parts, la liquidit\u00e9 est sous un maximum de deux ans.<\/p>\n\n\n\n<p>Il est donc de premi\u00e8re importance de consid\u00e9rer ces approches. Ce sont les gardes fous indispensables pour r\u00e9duire la mise en danger de la coop\u00e9rative et c\u2019est aussi s\u00e9curiser les coop\u00e9rateurs.<\/p>\n\n\n\n<p>Par ailleurs, tout nouvel investisseur est soumis \u00e0 l\u2019approbation des associ\u00e9s coop\u00e9rateurs des parts A et B, ce qui doit \u00eatre une simple formalit\u00e9.<\/p>\n\n\n\n<p>Nous esp\u00e9rons vous avoir \u00e9clair\u00e9. Cependant, nous n\u2019\u00e9chappons pas, comme pour tous achats d\u2019actions, que ce soit par l\u2019interm\u00e9diaire de banques, courtiers, assureurs ou autres placements et livrets financiers divers, aux fluctuations et prises de risques, m\u00eame aussi mod\u00e9r\u00e9es soient-elles dans notre cas.<\/p>\n\n\n\n<p><strong>Valeurs et \u00c9thique<\/strong><\/p>\n\n\n\n<p>Nous savons que ce type d\u2019investissement est encore timide dans la culture fran\u00e7aise. Il nous faut donc rassurer et convaincre. Le risque est limit\u00e9, car nous ne jouons pas \u00e0 la roulette russe avec votre argent ! Nous ne sommes pas soumis aux march\u00e9s&nbsp;! Il n\u2019est pas rare de voir une banque ou un \u00e9tablissement financier faire faillite. A l\u2019image des circuits courts, il n\u2019y a pas d\u2019interm\u00e9diaire, il n\u2019y donc pas de frais de commission ou autre comme par l\u2019interm\u00e9diaire d\u2019un \u00e9tablissement financier.<\/p>\n\n\n\n<p>Surtout, votre argent ne servira pas \u00e0 de faux placement vert ou \u00e9thique. Pas plus qu&rsquo;\u00e0 engraisser les ribambelles de multinationales qui, sous pr\u00e9texte de faire du pseudo-vert, vous font prendre vos vessies pour des lanternes. Ces soci\u00e9t\u00e9s bafouent, sous votre nez, toutes les r\u00e8gles sociales et s\u00e9curitaires les plus \u00e9l\u00e9mentaires.<\/p>\n\n\n\n<p>Pour l\u2019heure, avec les Buissonnier.e.s, ce n\u2019est pas de mat\u00e9riel dont nous parlons, mais de condition humaine, du cadre de vie, de valeurs humaines. L\u2019humain est le centre de nos valeurs et notre unique pr\u00e9occupation.<\/p>\n\n\n\n<p><strong>En conclusion<\/strong><\/p>\n\n\n\n<p>Tout cela est donc une question de philosophie, d\u2019investissement personnel au sein de la coop\u00e9rative et de prise de risque ou pas.<\/p>\n\n\n\n<p>Nous souhaitons vous voir nombreux, faire partie des nouveaux pionniers, former cette grande communaut\u00e9 pour faire face aux d\u00e9fis de nos soci\u00e9t\u00e9s toujours plus dures et injustes et ainsi att\u00e9nuer les in\u00e9galit\u00e9s et construire ensemble un mieux vivre et un futur possible.<\/p>\n\n\n\n<p>Utopies, r\u00eaves, pourvu que cela devienne r\u00e9alit\u00e9, et n\u2019oubliez pas&nbsp;: Les utopies d\u2019aujourd\u2019hui sont les r\u00e9alit\u00e9s de demain (Victor Hugo, Pierre Rabhi, Martin Luther King, \u2026). Une simple volont\u00e9 qui ne tient qu\u2019\u00e0 chacun&nbsp;!<\/p>\n","protected":false},"excerpt":{"rendered":"<p>Pour \u00eatre de la partie Le r\u00eave devient r\u00e9alit\u00e9. L&rsquo;envie de rejoindre la jolie bande vous d\u00e9mange, quel lot sera ma future habitation, &#8230; ? Tout devient possible maintenant. Nous avons d\u00e9j\u00e0 r\u00e9alis\u00e9 le cadre, fait un certain nombre de choix : juridiques, administratifs, mat\u00e9riels&#8230; Il ne manque plus que vous ! Comme tout projet, [&hellip;]<\/p>\n","protected":false},"author":3,"featured_media":0,"parent":0,"menu_order":0,"comment_status":"closed","ping_status":"closed","template":"","meta":{"ocean_post_layout":"","ocean_both_sidebars_style":"","ocean_both_sidebars_content_width":0,"ocean_both_sidebars_sidebars_width":0,"ocean_sidebar":"","ocean_second_sidebar":"","ocean_disable_margins":"enable","ocean_add_body_class":"","ocean_shortcode_before_top_bar":"","ocean_shortcode_after_top_bar":"","ocean_shortcode_before_header":"","ocean_shortcode_after_header":"","ocean_has_shortcode":"","ocean_shortcode_after_title":"","ocean_shortcode_before_footer_widgets":"","ocean_shortcode_after_footer_widgets":"","ocean_shortcode_before_footer_bottom":"","ocean_shortcode_after_footer_bottom":"","ocean_display_top_bar":"default","ocean_display_header":"default","ocean_header_style":"","ocean_center_header_left_menu":"","ocean_custom_header_template":"","ocean_custom_logo":0,"ocean_custom_retina_logo":0,"ocean_custom_logo_max_width":0,"ocean_custom_logo_tablet_max_width":0,"ocean_custom_logo_mobile_max_width":0,"ocean_custom_logo_max_height":0,"ocean_custom_logo_tablet_max_height":0,"ocean_custom_logo_mobile_max_height":0,"ocean_header_custom_menu":"","ocean_menu_typo_font_family":"","ocean_menu_typo_font_subset":"","ocean_menu_typo_font_size":0,"ocean_menu_typo_font_size_tablet":0,"ocean_menu_typo_font_size_mobile":0,"ocean_menu_typo_font_size_unit":"px","ocean_menu_typo_font_weight":"","ocean_menu_typo_font_weight_tablet":"","ocean_menu_typo_font_weight_mobile":"","ocean_menu_typo_transform":"","ocean_menu_typo_transform_tablet":"","ocean_menu_typo_transform_mobile":"","ocean_menu_typo_line_height":0,"ocean_menu_typo_line_height_tablet":0,"ocean_menu_typo_line_height_mobile":0,"ocean_menu_typo_line_height_unit":"","ocean_menu_typo_spacing":0,"ocean_menu_typo_spacing_tablet":0,"ocean_menu_typo_spacing_mobile":0,"ocean_menu_typo_spacing_unit":"","ocean_menu_link_color":"","ocean_menu_link_color_hover":"","ocean_menu_link_color_active":"","ocean_menu_link_background":"","ocean_menu_link_hover_background":"","ocean_menu_link_active_background":"","ocean_menu_social_links_bg":"","ocean_menu_social_hover_links_bg":"","ocean_menu_social_links_color":"","ocean_menu_social_hover_links_color":"","ocean_disable_title":"default","ocean_disable_heading":"default","ocean_post_title":"","ocean_post_subheading":"","ocean_post_title_style":"","ocean_post_title_background_color":"","ocean_post_title_background":0,"ocean_post_title_bg_image_position":"","ocean_post_title_bg_image_attachment":"","ocean_post_title_bg_image_repeat":"","ocean_post_title_bg_image_size":"","ocean_post_title_height":0,"ocean_post_title_bg_overlay":0.5,"ocean_post_title_bg_overlay_color":"","ocean_disable_breadcrumbs":"default","ocean_breadcrumbs_color":"","ocean_breadcrumbs_separator_color":"","ocean_breadcrumbs_links_color":"","ocean_breadcrumbs_links_hover_color":"","ocean_display_footer_widgets":"default","ocean_display_footer_bottom":"default","ocean_custom_footer_template":"","footnotes":""},"class_list":["post-56","page","type-page","status-publish","hentry","entry"],"yoast_head":"<!-- This site is optimized with the Yoast SEO plugin v27.4 - https:\/\/yoast.com\/product\/yoast-seo-wordpress\/ -->\n<title>Pour \u00eatre de la partie - Les Buissonniers du Plessis<\/title>\n<meta name=\"robots\" content=\"index, follow, max-snippet:-1, max-image-preview:large, max-video-preview:-1\" \/>\n<link rel=\"canonical\" href=\"https:\/\/lesbuissonniersduplessis.casa\/index.php\/pour-etre-de-la-partie\/\" \/>\n<meta property=\"og:locale\" content=\"fr_FR\" \/>\n<meta property=\"og:type\" content=\"article\" \/>\n<meta property=\"og:title\" content=\"Pour \u00eatre de la partie - Les Buissonniers du Plessis\" \/>\n<meta property=\"og:description\" content=\"Pour \u00eatre de la partie Le r\u00eave devient r\u00e9alit\u00e9. L&rsquo;envie de rejoindre la jolie bande vous d\u00e9mange, quel lot sera ma future habitation, &#8230; ? Tout devient possible maintenant. Nous avons d\u00e9j\u00e0 r\u00e9alis\u00e9 le cadre, fait un certain nombre de choix : juridiques, administratifs, mat\u00e9riels&#8230; Il ne manque plus que vous ! Comme tout projet, [&hellip;]\" \/>\n<meta property=\"og:url\" content=\"https:\/\/lesbuissonniersduplessis.casa\/index.php\/pour-etre-de-la-partie\/\" \/>\n<meta property=\"og:site_name\" content=\"Les Buissonniers du Plessis\" \/>\n<meta property=\"article:modified_time\" content=\"2025-11-07T18:08:26+00:00\" \/>\n<meta name=\"twitter:card\" content=\"summary_large_image\" \/>\n<meta name=\"twitter:label1\" content=\"Dur\u00e9e de lecture estim\u00e9e\" \/>\n\t<meta name=\"twitter:data1\" content=\"5 minutes\" \/>\n<script type=\"application\/ld+json\" class=\"yoast-schema-graph\">{\"@context\":\"https:\\\/\\\/schema.org\",\"@graph\":[{\"@type\":\"WebPage\",\"@id\":\"https:\\\/\\\/lesbuissonniersduplessis.casa\\\/index.php\\\/pour-etre-de-la-partie\\\/\",\"url\":\"https:\\\/\\\/lesbuissonniersduplessis.casa\\\/index.php\\\/pour-etre-de-la-partie\\\/\",\"name\":\"Pour \u00eatre de la partie - Les Buissonniers du Plessis\",\"isPartOf\":{\"@id\":\"https:\\\/\\\/lesbuissonniersduplessis.casa\\\/#website\"},\"datePublished\":\"2024-09-12T12:47:20+00:00\",\"dateModified\":\"2025-11-07T18:08:26+00:00\",\"breadcrumb\":{\"@id\":\"https:\\\/\\\/lesbuissonniersduplessis.casa\\\/index.php\\\/pour-etre-de-la-partie\\\/#breadcrumb\"},\"inLanguage\":\"fr-FR\",\"potentialAction\":[{\"@type\":\"ReadAction\",\"target\":[\"https:\\\/\\\/lesbuissonniersduplessis.casa\\\/index.php\\\/pour-etre-de-la-partie\\\/\"]}]},{\"@type\":\"BreadcrumbList\",\"@id\":\"https:\\\/\\\/lesbuissonniersduplessis.casa\\\/index.php\\\/pour-etre-de-la-partie\\\/#breadcrumb\",\"itemListElement\":[{\"@type\":\"ListItem\",\"position\":1,\"name\":\"Accueil\",\"item\":\"https:\\\/\\\/lesbuissonniersduplessis.casa\\\/\"},{\"@type\":\"ListItem\",\"position\":2,\"name\":\"Pour \u00eatre de la partie\"}]},{\"@type\":\"WebSite\",\"@id\":\"https:\\\/\\\/lesbuissonniersduplessis.casa\\\/#website\",\"url\":\"https:\\\/\\\/lesbuissonniersduplessis.casa\\\/\",\"name\":\"Les Buissonniers du Plessis\",\"description\":\"Coop\u00e9rative d&#039;habitants - Habitat partag\u00e9 et participatif\",\"publisher\":{\"@id\":\"https:\\\/\\\/lesbuissonniersduplessis.casa\\\/#organization\"},\"potentialAction\":[{\"@type\":\"SearchAction\",\"target\":{\"@type\":\"EntryPoint\",\"urlTemplate\":\"https:\\\/\\\/lesbuissonniersduplessis.casa\\\/?s={search_term_string}\"},\"query-input\":{\"@type\":\"PropertyValueSpecification\",\"valueRequired\":true,\"valueName\":\"search_term_string\"}}],\"inLanguage\":\"fr-FR\"},{\"@type\":\"Organization\",\"@id\":\"https:\\\/\\\/lesbuissonniersduplessis.casa\\\/#organization\",\"name\":\"Les Buissonniers du Plessis\",\"url\":\"https:\\\/\\\/lesbuissonniersduplessis.casa\\\/\",\"logo\":{\"@type\":\"ImageObject\",\"inLanguage\":\"fr-FR\",\"@id\":\"https:\\\/\\\/lesbuissonniersduplessis.casa\\\/#\\\/schema\\\/logo\\\/image\\\/\",\"url\":\"https:\\\/\\\/lesbuissonniersduplessis.casa\\\/wp-content\\\/uploads\\\/2026\\\/04\\\/cropped-header_herisson_2.png\",\"contentUrl\":\"https:\\\/\\\/lesbuissonniersduplessis.casa\\\/wp-content\\\/uploads\\\/2026\\\/04\\\/cropped-header_herisson_2.png\",\"width\":1500,\"height\":374,\"caption\":\"Les Buissonniers du Plessis\"},\"image\":{\"@id\":\"https:\\\/\\\/lesbuissonniersduplessis.casa\\\/#\\\/schema\\\/logo\\\/image\\\/\"}}]}<\/script>\n<!-- \/ Yoast SEO plugin. -->","yoast_head_json":{"title":"Pour \u00eatre de la partie - Les Buissonniers du Plessis","robots":{"index":"index","follow":"follow","max-snippet":"max-snippet:-1","max-image-preview":"max-image-preview:large","max-video-preview":"max-video-preview:-1"},"canonical":"https:\/\/lesbuissonniersduplessis.casa\/index.php\/pour-etre-de-la-partie\/","og_locale":"fr_FR","og_type":"article","og_title":"Pour \u00eatre de la partie - Les Buissonniers du Plessis","og_description":"Pour \u00eatre de la partie Le r\u00eave devient r\u00e9alit\u00e9. L&rsquo;envie de rejoindre la jolie bande vous d\u00e9mange, quel lot sera ma future habitation, &#8230; ? Tout devient possible maintenant. Nous avons d\u00e9j\u00e0 r\u00e9alis\u00e9 le cadre, fait un certain nombre de choix : juridiques, administratifs, mat\u00e9riels&#8230; Il ne manque plus que vous ! Comme tout projet, [&hellip;]","og_url":"https:\/\/lesbuissonniersduplessis.casa\/index.php\/pour-etre-de-la-partie\/","og_site_name":"Les Buissonniers du Plessis","article_modified_time":"2025-11-07T18:08:26+00:00","twitter_card":"summary_large_image","twitter_misc":{"Dur\u00e9e de lecture estim\u00e9e":"5 minutes"},"schema":{"@context":"https:\/\/schema.org","@graph":[{"@type":"WebPage","@id":"https:\/\/lesbuissonniersduplessis.casa\/index.php\/pour-etre-de-la-partie\/","url":"https:\/\/lesbuissonniersduplessis.casa\/index.php\/pour-etre-de-la-partie\/","name":"Pour \u00eatre de la partie - Les Buissonniers du Plessis","isPartOf":{"@id":"https:\/\/lesbuissonniersduplessis.casa\/#website"},"datePublished":"2024-09-12T12:47:20+00:00","dateModified":"2025-11-07T18:08:26+00:00","breadcrumb":{"@id":"https:\/\/lesbuissonniersduplessis.casa\/index.php\/pour-etre-de-la-partie\/#breadcrumb"},"inLanguage":"fr-FR","potentialAction":[{"@type":"ReadAction","target":["https:\/\/lesbuissonniersduplessis.casa\/index.php\/pour-etre-de-la-partie\/"]}]},{"@type":"BreadcrumbList","@id":"https:\/\/lesbuissonniersduplessis.casa\/index.php\/pour-etre-de-la-partie\/#breadcrumb","itemListElement":[{"@type":"ListItem","position":1,"name":"Accueil","item":"https:\/\/lesbuissonniersduplessis.casa\/"},{"@type":"ListItem","position":2,"name":"Pour \u00eatre de la partie"}]},{"@type":"WebSite","@id":"https:\/\/lesbuissonniersduplessis.casa\/#website","url":"https:\/\/lesbuissonniersduplessis.casa\/","name":"Les Buissonniers du Plessis","description":"Coop\u00e9rative d&#039;habitants - Habitat partag\u00e9 et participatif","publisher":{"@id":"https:\/\/lesbuissonniersduplessis.casa\/#organization"},"potentialAction":[{"@type":"SearchAction","target":{"@type":"EntryPoint","urlTemplate":"https:\/\/lesbuissonniersduplessis.casa\/?s={search_term_string}"},"query-input":{"@type":"PropertyValueSpecification","valueRequired":true,"valueName":"search_term_string"}}],"inLanguage":"fr-FR"},{"@type":"Organization","@id":"https:\/\/lesbuissonniersduplessis.casa\/#organization","name":"Les Buissonniers du Plessis","url":"https:\/\/lesbuissonniersduplessis.casa\/","logo":{"@type":"ImageObject","inLanguage":"fr-FR","@id":"https:\/\/lesbuissonniersduplessis.casa\/#\/schema\/logo\/image\/","url":"https:\/\/lesbuissonniersduplessis.casa\/wp-content\/uploads\/2026\/04\/cropped-header_herisson_2.png","contentUrl":"https:\/\/lesbuissonniersduplessis.casa\/wp-content\/uploads\/2026\/04\/cropped-header_herisson_2.png","width":1500,"height":374,"caption":"Les Buissonniers du Plessis"},"image":{"@id":"https:\/\/lesbuissonniersduplessis.casa\/#\/schema\/logo\/image\/"}}]}},"_links":{"self":[{"href":"https:\/\/lesbuissonniersduplessis.casa\/index.php\/wp-json\/wp\/v2\/pages\/56","targetHints":{"allow":["GET"]}}],"collection":[{"href":"https:\/\/lesbuissonniersduplessis.casa\/index.php\/wp-json\/wp\/v2\/pages"}],"about":[{"href":"https:\/\/lesbuissonniersduplessis.casa\/index.php\/wp-json\/wp\/v2\/types\/page"}],"author":[{"embeddable":true,"href":"https:\/\/lesbuissonniersduplessis.casa\/index.php\/wp-json\/wp\/v2\/users\/3"}],"replies":[{"embeddable":true,"href":"https:\/\/lesbuissonniersduplessis.casa\/index.php\/wp-json\/wp\/v2\/comments?post=56"}],"version-history":[{"count":30,"href":"https:\/\/lesbuissonniersduplessis.casa\/index.php\/wp-json\/wp\/v2\/pages\/56\/revisions"}],"predecessor-version":[{"id":1423,"href":"https:\/\/lesbuissonniersduplessis.casa\/index.php\/wp-json\/wp\/v2\/pages\/56\/revisions\/1423"}],"wp:attachment":[{"href":"https:\/\/lesbuissonniersduplessis.casa\/index.php\/wp-json\/wp\/v2\/media?parent=56"}],"curies":[{"name":"wp","href":"https:\/\/api.w.org\/{rel}","templated":true}]}}